 factor of g and 3.
3
Let g = 318 - -298. Let k = -593 + g. What is the greatest common factor of 1472 and k?
23
Let b = -27 + -106. Let o = 136 + b. What is the highest common divisor of o and 9?
3
Let l = -12110 - -16054. Calculate the greatest common divisor of 24 and l.
8
Suppose -6*z + 348 = -84. Suppose -5*a = x - 4*x + 284, -x = 4*a - z. What is the highest common factor of 22 and x?
22
Let a(d) = -40*d + 98. Let f be a(6). Let q = 167 + f. Suppose -o + 67 = -2*m, -2*o + 3*m = -149 + 11. Calculate the highest common divisor of o and q.
25
Let a = -1245 + 1368. Calculate the greatest common factor of 656 and a.
41
Let f(p) = -2*p**3 - 3*p**2 - 2*p. Let h be f(-6). Suppose 131*u - 2419 - 10397 = -136*u. Calculate the highest common divisor of h and u.
48
Let k(c) = -4 + 6*c + 1 - 5*c + 4. Let o be k(-1). Suppose o = -5*w - 38 + 118. What is the highest common factor of w and 128?
16
Suppose 110*o = 99*o + 144452. What is the greatest common factor of 536 and o?
268
Let l(h) = -444*h - 7991. Let g be l(-18). What is the highest common divisor of 1152 and g?
1
Let p = 39430 - 38941. What is the greatest common factor of p and 21?
3
Let k be (-34 - 4)*-68*(-14)/(-28). What is the greatest common divisor of 1972 and k?
68
Suppose -3*k = -2*t + t - 3, -t - 3*k = -9. Let s be ((-99)/(-6))/(t/4). Let n = 1766 + -1755. Calculate the greatest common factor of n and s.
11
Let f(u) = 2*u**2 - 3*u + 2. Let z be f(3). Let y = 164 + 543. Suppose 6*s - y = -113. What is the greatest common divisor of z and s?
11
Suppose w = 3*k + 494, -300 - 2234 = -5*w - k. What is the highest common factor of w and 207?
23
Let k be -3 - 35*49/35. Suppose 4*g + 161 = 5*d - 159, 0 = 3*g + 15. Let r = k + d. Calculate the greatest common divisor of 64 and r.
8
Suppose -759*b - 5*n + 79 = -755*b, n = -4*b + 67. What is the greatest common factor of 15376 and b?
16
Let h be (-14)/(-119) - (4 - -5830)/(34/(-10)). What is the highest common factor of 564 and h?
12
Let s = 381 + -321. Let n(w) = -w - 19. Let z be n(7). Let f = z - -38. What is the greatest common divisor of f and s?
12
Let m(f) = f**3 + 28*f**2 + 64*f - 247. Let a be m(-25). Suppose 5*g - 14 - 6 = 0. Suppose -t + 10 = -g. What is the highest common factor of a and t?
14
Suppose -94866 = -122*b - 28*b + 111384. Calculate the greatest common divisor of 1000 and b.
125
Suppose 4*j - 33362 = -14*d + 9*d, 0 = -d + 2*j + 6650. Calculate the highest common divisor of d and 264.
66
Let z(h) = h**3 + 60*h**2 + 251*h - 45. Let c be z(-55). What is the greatest common divisor of c and 1725?
75
Let l(p) = -6*p**3 - 9*p**2 + 21*p + 367. Let x be l(-8). Calculate the greatest common divisor of x and 440.
55
Suppose -3752*y - 374958 = -3826*y. What is the greatest common factor of y and 18?
9
Let n(a) = 5*a**2 + 2*a + 3. Let p be n(-1). Let v be (-2 - -5) + ((-36)/(-2))/p. What is the greatest common factor of 54 and v?
6
Let n = -1533 + 2793. Suppose 5*o - n = g, -3*o + 0*o + 756 = -5*g. What is the greatest common divisor of 18 and o?
18
Let g(h) = 116*h + 941. Let o be g(29). What is the highest common divisor of o and 105?
105
Suppose -11*c + 10*c - 3 = -5*v, -c - v + 3 = 0. Suppose t - 1 - 18 = -2*i, 5*t - c*i = 143. What is the greatest common factor of 108 and t?
27
Let m(c) = -13*c + 15*c + 17*c. Let l be m(2). Let o(k) = k**3 + 99*k**2 - 200*k + 240. Let j be o(-101). Calculate the greatest common factor of l and j.
38
Let h = 405 + 90. Suppose -8*z - h = -1743. What is the highest common divisor of 52 and z?
52
Let v(q) = q**3 + 4*q**2 + 18*q + 32. Let j be v(6). Calculate the greatest common factor of j and 400.
100
Suppose -j + 1539*t = 1536*t - 917, 2*j + 4*t - 1764 = 0. Calculate the highest common factor of j and 160.
32
Let o(j) = j**2 + 13*j - 30. Let h be o(-15). Suppose -3*z - 3*u = -390, -z - 3*u = -h*z - 120. Calculate the greatest common divisor of 30 and z.
15
Suppose -3 = 2*l - 9. Suppose q + l = 2*q. Suppose 83 = 4*c - 13. Calculate the greatest common divisor of q and c.
3
Suppose -25*z + 32*z = -3766. Let x = z + 574. Calculate the highest common divisor of 90 and x.
18
Let n = -17 + 44. Suppose 856 = 4*g - 11*s + 9*s, 0 = 3*g + 5*s - 629. Let q = 3 + g. What is the greatest common factor of n and q?
27
Let a(v) = 2 - 130*v**2 - 4 - v + 133*v**2 - 6*v**3 + 0*v. Let k be a(-1). What is the highest common divisor of k and 8?
8
Let a be 2*2*(-15 - -13). Let b be (a + -12)/(2/(-9)). Let t = b - 24. What is the greatest common factor of t and 165?
33
Let q(m) = -m**2 - 24*m - 98. Let n be q(-7). Suppose -1613 = n*x - 5603. What is the greatest common factor of 19 and x?
19
Suppose -102 - 8 = 11*b. Let k(f) = f**2 + 8*f - 18. Let r be k(b). What is the greatest common factor of r and 9?
1
Let z = -134 + 134. Suppose -4*n + 3*o + 55 = -2*n, o + 1 = z. What is the greatest common factor of n and 2?
2
Suppose -74*o + 54*o = -37*o + 765. Let i(r) = r + 720. Let g be i(0). Calculate the highest common divisor of o and g.
45
Suppose -k + 2*j = 96, 3*k + 0*j + 278 = j. Let f = k + 94. Suppose x - f*o - 20 = 0, 3*x - o - 39 - 41 = 0. Calculate the highest common factor of x and 7.
7
Suppose -y + 4*j = -575, -481*j + 2375 = 4*y - 482*j. What is the greatest common factor of 1071 and y?
119
Let l = 25550 + -25308. What is the highest common factor of 198 and l?
22
Let t(x) = 150*x - 9. Let o be t(12). Suppose -3*p - o = -2*f, -705 = 3*p + 2*f + 1086. Let k be 3/(-7) - p/21. What is the highest common divisor of 98 and k?
14
Let w(n) = -2*n - 12. Let m be w(-7). Let h be (3 - m) + (-7)/1. Let j be h/75*-5*90. What is the highest common factor of j and 4?
4
Let u = -182 + 189. Let q be (15 - u)/((-2)/(-4)). Calculate the greatest common factor of q and 464.
16
Suppose 4*h = h + 15. Let x be 2/5 + 756/135. Let v be ((-10)/x)/(h/(-255)). What is the greatest common divisor of v and 17?
17
Suppose 80*n = 3*q + 79*n - 74, -122 = -5*q + n. Let d = -45 + 321. What is the highest common divisor of q and d?
12
Let m = 5279 + -4469. Calculate the greatest common divisor of 20 and m.
10
Let u = -847 + 894. Suppose -3*o - 4*n + 41 = -0*n, 5*o = 4*n + u. What is the greatest common factor of o and 8?
1
Let l be (98 + -110)*3/(-4). Let t be 15*(6 + 189/(-35)). What is the highest common divisor of l and t?
9
Suppose 2*n - 1604 = 1118 - 616. What is the highest common divisor of n and 18?
9
Let v(r) = -123*r - 6. Let q be v(-4). Suppose 0*s - 3*s = q. Let g be (-36)/s + (-266)/(-18). What is the greatest common factor of 75 and g?
15
Suppose j - 4*v - 60 = 0, -5*v - 184 = -4*j - 3*v. Let x = -509 - -553. Calculate the highest common factor of x and j.
44
Let b be (-2)/((0 + -2)/42). Let l = 12947 + -12891. Calculate the greatest common factor of b and l.
14
Let s = 27 + 99. Suppose -148 = -4*k - 0*k - 4*i, 0 = -3*k + 2*i + s. Let d be (5/10)/((-4)/(-80)). What is the greatest common divisor of d and k?
10
Let c(s) = -s**2 - 66*s + 737. Let y be c(0). What is the greatest common divisor of 22 and y?
11
Let g(r) = 9*r + 264. Let h be g(-22). Let s(i) = 10*i**2 - 5*i + 6. Let a be s(5). Calculate the greatest common divisor of a and h.
33
Let r(p) = -p**3 - 16*p**2 + 12*p - 65. Suppose 5*o + 12*o + 289 = 0. Let j be r(o). Calculate the greatest common divisor of 20 and j.
20
Suppose -188*i + 1440 = -17474 - 6090. Calculate the highest common factor of 77 and i.
7
Suppose -5*o + 88 + 72 = 0. Let f(m) = 48 + 0*m + 15*m - 7*m**2 + 6*m**2. Let i be f(15). Calculate the highest common factor of o and i.
16
Let t be 4 - 7 - -11*(-8)/(-2). Let y = t + -34. Let q be -6 + y + (-2 - 139)/(-3). Calculate the highest common divisor of 16 and q.
16
Suppose -77*r + 10874 + 25168 = -379. What is the greatest common divisor of 407 and r?
11
Suppose 0 = 5*l, 0*j + 4*j + 3*l - 12 = 0. Suppose -j*p + 557 = 4*y, 0 = -p - 22*y + 27*y + 192. Calculate the highest common factor of p and 34.
17
Let j be (-50)/((2/(-6))/(2/(6 + 0))). What is the greatest common factor of j and 34350?
50
Let y(u) = u - 3. Let c = -209 + 226. Let d be y(c). Calculate the highest common factor of d and 98.
14
Let s(p) = -51*p - 99. Let a be s(-2). Suppose a*n = 4*q + 92, 5*n - 3*q - 117 - 51 = 0. What is the highest common factor of n and 8?
4
Suppose 0 = 2*d - 3*d + 35.